{"id":405,"date":"2025-12-29T01:52:59","date_gmt":"2025-12-29T01:52:59","guid":{"rendered":"https:\/\/zenithspirit.id.vn\/?page_id=405"},"modified":"2025-12-29T03:00:38","modified_gmt":"2025-12-29T03:00:38","slug":"about-zenith","status":"publish","type":"page","link":"https:\/\/zenithspirit.id.vn\/index.php\/about-zenith\/","title":{"rendered":"ABOUT ZENITH"},"content":{"rendered":"\t\t<div data-elementor-type=\"wp-page\" data-elementor-id=\"405\" class=\"elementor elementor-405\">\n\t\t\t\t<div class=\"elementor-element elementor-element-b382c52 e-flex e-con-boxed e-con e-parent\" data-id=\"b382c52\" data-element_type=\"container\">\n\t\t\t\t\t<div class=\"e-con-inner\">\n\t\t\t\t<div class=\"elementor-element elementor-element-6fced5e elementor-widget elementor-widget-heading\" data-id=\"6fced5e\" data-element_type=\"widget\" data-widget_type=\"heading.default\">\n\t\t\t\t\t<h3 class=\"elementor-heading-title elementor-size-default\"> Zenith Spirit<\/h3>\t\t\t\t<\/div>\n\t\t\t\t\t<\/div>\n\t\t\t\t<\/div>\n\t\t<div class=\"elementor-element elementor-element-41fe426 e-flex e-con-boxed e-con e-parent\" data-id=\"41fe426\" data-element_type=\"container\">\n\t\t\t\t\t<div class=\"e-con-inner\">\n\t\t\t\t<div class=\"elementor-element elementor-element-567199e elementor-widget elementor-widget-text-editor\" data-id=\"567199e\" data-element_type=\"widget\" data-widget_type=\"text-editor.default\">\n\t\t\t\t\t\t\t\t\t<p><span style=\"font-weight: 400;\">Ch\u00fang t\u00f4i ti\u1ebfp c\u1eadn v\u1eadn m\u1ec7nh con ng\u01b0\u1eddi kh\u00f4ng ph\u1ea3i b\u1eb1ng nh\u1eefng l\u1eddi ti\u00ean tri huy\u1ec1n b\u00ed, m\u00e0 d\u01b0\u1edbi l\u0103ng k\u00ednh c\u1ee7a <\/span><b>V\u1eadt l\u00fd L\u01b0\u1ee3ng t\u1eed<\/b><span style=\"font-weight: 400;\"> v\u00e0 <\/span><b>Khoa h\u1ecdc Th\u1ea7n kinh<\/b><span style=\"font-weight: 400;\">.<\/span><\/p><p><span style=\"font-weight: 400;\">Ch\u00fang t\u00f4i xem n\u00e3o b\u1ed9 con ng\u01b0\u1eddi nh\u01b0 m\u1ed9t tr\u1ea1m thu ph\u00e1t n\u0103ng l\u01b0\u1ee3ng tinh vi, li\u00ean t\u1ee5c t\u01b0\u01a1ng t\u00e1c v\u1edbi c\u00e1c tr\u01b0\u1eddng rung \u0111\u1ed9ng v\u0169 tr\u1ee5. H\u1ec7 th\u1ed1ng c\u1ee7a ch\u00fang t\u00f4i l\u00e0 s\u1ef1 giao thoa gi\u1eefa b\u1ea3n \u0111\u1ed3 n\u0103ng l\u01b0\u1ee3ng c\u1ee7a <a href=\"https:\/\/zenithspirit.id.vn\/gateway\/12_cunghoangdao.html\"><span style=\"color: #00f3ff;\"><b>12 Cung Ho\u00e0ng \u0111\u1ea1o<\/b><\/span><\/a> <span style=\"font-weight: 400;\">c\u1ee7a Ph\u01b0\u01a1ng T\u00e2y v\u00e0 tri\u1ebft l\u00fd v\u1eadn h\u00e0nh chu k\u1ef3 s\u00e2u s\u1eafc c\u1ee7a <\/span><span style=\"color: #ff0000;\"><b>12 \u0110\u1ecba chi<\/b><\/span> c\u1ee7a Ph\u01b0\u01a1ng \u0111\u00f4ng<\/span><\/p><p><br \/>C\u1ed1t l\u00f5i nghi\u00ean c\u1ee9u c\u1ee7a ch\u00fang t\u00f4i d\u1ef1a tr\u00ean thuy\u1ebft <b>&#8220;V\u00f4 ng\u00e3&#8221;<\/b><span style=\"font-weight: 400;\"> \u2013 nh\u00ecn nh\u1eadn c\u00e1 nh\u00e2n kh\u00f4ng ph\u1ea3i l\u00e0 m\u1ed9t th\u1ef1c th\u1ec3 t\u00e1ch bi\u1ec7t c\u1ee9ng nh\u1eafc, m\u00e0 l\u00e0 m\u1ed9t t\u1eadp h\u1ee3p c\u00e1c &#8220;v\u00f2ng l\u1eb7p&#8221; n\u0103ng l\u01b0\u1ee3ng li\u00ean t\u1ee5c tr\u00f4i ch\u1ea3y trong v\u0169 tr\u1ee5.<\/span><\/p>\t\t\t\t\t\t\t\t<\/div>\n\t\t\t\t\t<\/div>\n\t\t\t\t<\/div>\n\t\t\t\t<\/div>\n\t\t","protected":false},"excerpt":{"rendered":"<p>Zenith Spirit Ch\u00fang t\u00f4i ti\u1ebfp c\u1eadn v\u1eadn m\u1ec7nh con ng\u01b0\u1eddi kh\u00f4ng ph\u1ea3i b\u1eb1ng nh\u1eefng l\u1eddi ti\u00ean tri huy\u1ec1n b\u00ed, m\u00e0 d\u01b0\u1edbi l\u0103ng k\u00ednh c\u1ee7a V\u1eadt l\u00fd L\u01b0\u1ee3ng t\u1eed v\u00e0 Khoa h\u1ecdc Th\u1ea7n kinh. Ch\u00fang t\u00f4i xem n\u00e3o b\u1ed9 con ng\u01b0\u1eddi nh\u01b0 m\u1ed9t tr\u1ea1m thu ph\u00e1t n\u0103ng l\u01b0\u1ee3ng tinh vi, li\u00ean t\u1ee5c t\u01b0\u01a1ng t\u00e1c v\u1edbi c\u00e1c [&hellip;]<\/p>\n","protected":false},"author":1,"featured_media":0,"parent":0,"menu_order":0,"comment_status":"closed","ping_status":"closed","template":"","meta":{"footnotes":""},"class_list":["post-405","page","type-page","status-publish","hentry"],"_links":{"self":[{"href":"https:\/\/zenithspirit.id.vn\/index.php\/wp-json\/wp\/v2\/pages\/405","targetHints":{"allow":["GET"]}}],"collection":[{"href":"https:\/\/zenithspirit.id.vn\/index.php\/wp-json\/wp\/v2\/pages"}],"about":[{"href":"https:\/\/zenithspirit.id.vn\/index.php\/wp-json\/wp\/v2\/types\/page"}],"author":[{"embeddable":true,"href":"https:\/\/zenithspirit.id.vn\/index.php\/wp-json\/wp\/v2\/users\/1"}],"replies":[{"embeddable":true,"href":"https:\/\/zenithspirit.id.vn\/index.php\/wp-json\/wp\/v2\/comments?post=405"}],"version-history":[{"count":16,"href":"https:\/\/zenithspirit.id.vn\/index.php\/wp-json\/wp\/v2\/pages\/405\/revisions"}],"predecessor-version":[{"id":428,"href":"https:\/\/zenithspirit.id.vn\/index.php\/wp-json\/wp\/v2\/pages\/405\/revisions\/428"}],"wp:attachment":[{"href":"https:\/\/zenithspirit.id.vn\/index.php\/wp-json\/wp\/v2\/media?parent=405"}],"curies":[{"name":"wp","href":"https:\/\/api.w.org\/{rel}","templated":true}]}}