{"id":875,"date":"2025-12-31T06:27:22","date_gmt":"2025-12-31T06:27:22","guid":{"rendered":"https:\/\/zenithspirit.id.vn\/?page_id=875"},"modified":"2026-01-01T03:20:04","modified_gmt":"2026-01-01T03:20:04","slug":"tuoi-ti","status":"publish","type":"page","link":"https:\/\/zenithspirit.id.vn\/index.php\/tuoi-ti\/","title":{"rendered":"Tu\u1ed5i T\u00ed"},"content":{"rendered":"\t\t<div data-elementor-type=\"wp-page\" data-elementor-id=\"875\" class=\"elementor elementor-875\">\n\t\t\t\t<div class=\"elementor-element elementor-element-1132cdc e-grid e-con-boxed e-con e-parent\" data-id=\"1132cdc\" data-element_type=\"container\">\n\t\t\t\t\t<div class=\"e-con-inner\">\n\t\t\t\t<div class=\"elementor-element elementor-element-066e71d elementor-view-default elementor-widget elementor-widget-icon\" data-id=\"066e71d\" data-element_type=\"widget\" data-widget_type=\"icon.default\">\n\t\t\t\t\t\t\t<div class=\"elementor-icon-wrapper\">\n\t\t\t<a class=\"elementor-icon\" href=\"https:\/\/zenithspirit.id.vn\/index.php\/12-dia-chi\">\n\t\t\t<svg aria-hidden=\"true\" class=\"e-font-icon-svg e-fas-long-arrow-alt-left\" viewBox=\"0 0 448 512\" xmlns=\"http:\/\/www.w3.org\/2000\/svg\"><path d=\"M134.059 296H436c6.627 0 12-5.373 12-12v-56c0-6.627-5.373-12-12-12H134.059v-46.059c0-21.382-25.851-32.09-40.971-16.971L7.029 239.029c-9.373 9.373-9.373 24.569 0 33.941l86.059 86.059c15.119 15.119 40.971 4.411 40.971-16.971V296z\"><\/path><\/svg>\t\t\t<\/a>\n\t\t<\/div>\n\t\t\t\t\t\t<\/div>\n\t\t\t\t<div class=\"elementor-element elementor-element-40ccee3 elementor-widget elementor-widget-heading\" data-id=\"40ccee3\" data-element_type=\"widget\" data-widget_type=\"heading.default\">\n\t\t\t\t\t<h2 class=\"elementor-heading-title elementor-size-default\">T\u1ed5ng Quan V\u1ec1 Chu\u1ed9t<\/h2>\t\t\t\t<\/div>\n\t\t\t\t\t<\/div>\n\t\t\t\t<\/div>\n\t\t<div class=\"elementor-element elementor-element-4265eaa e-flex e-con-boxed e-con e-parent\" data-id=\"4265eaa\" data-element_type=\"container\">\n\t\t\t\t\t<div class=\"e-con-inner\">\n\t\t<div class=\"elementor-element elementor-element-b300a86 e-con-full e-flex e-con e-child\" data-id=\"b300a86\" data-element_type=\"container\">\n\t\t\t\t<div class=\"elementor-element elementor-element-4f199da elementor-widget elementor-widget-text-editor\" data-id=\"4f199da\" data-element_type=\"widget\" data-widget_type=\"text-editor.default\">\n\t\t\t\t\t\t\t\t\t<h3 style=\"color: #00f3ff;\"><b>1. Gi\u1edbi thi\u1ec7u th\u00f4ng tin v\u1ec1 ng\u01b0\u1eddi tu\u1ed5i T\u00fd(chu\u1ed9t)<\/b><\/h3><p>v\u1edbi c\u00e1c v\u1ea5n \u0111\u1ec1 v\u1ec1 s\u1ef1 nghi\u1ec7p, gia \u0111\u1ea1o, t\u00ecnh duy\u00ean\u2026 s\u1ebd gi\u00fap b\u1ea1n hi\u1ec3u r\u00f5 h\u01a1n v\u1ec1 s\u1ed1 m\u1ec7nh c\u1ee7a tu\u1ed5i n\u00e0y, t\u1eeb \u0111\u00f3 c\u00f3 m\u1ed9t s\u1ed1 \u0111i\u1ec1u ch\u1ec9nh \u0111\u1ec3 c\u00f4ng vi\u1ec7c, cu\u1ed9c s\u1ed1ng tr\u1edf n\u00ean thu\u1eadn l\u1ee3i h\u01a1n. C\u00f9ng Vua N\u1ec7m t\u00ecm hi\u1ec3u k\u1ef9 h\u01a1n v\u1ec1 v\u1ea5n \u0111\u1ec1 n\u00e0y th\u00f4ng qua b\u00e0i vi\u1ebft d\u01b0\u1edbi \u0111\u00e2y nh\u00e9.<\/p><h3 style=\"color: #00f3ff;\"><b>2. T\u00ednh c\u00e1ch ng\u01b0\u1eddi tu\u1ed5i T\u00fd<\/b><\/h3><p>Ng\u01b0\u1eddi x\u01b0a cho r\u1eb1ng ng\u01b0\u1eddi c\u1ea7m tinh con chu\u1ed9t v\u1ec1 t\u00ednh c\u00e1ch th\u01b0\u1eddng \u0111a s\u1ea7u, \u0111a c\u1ea3m, m\u1ec1m m\u1ecfng, d\u1ecbu d\u00e0ng song \u0111a ph\u1ea7n l\u00e0 ng\u01b0\u1eddi t\u1ed1t, t\u00ednh t\u00ecnh l\u1ea1i h\u01a1i \u01b0\u01a1ng ng\u1ea1nh v\u00e0 c\u00f3 ng\u01b0\u1eddi t\u00ednh n\u00f3ng nh\u01b0 l\u1eeda. V\u1ec1 m\u1eb7t tr\u00ed tu\u1ec7 l\u00e0 ng\u01b0\u1eddi th\u00f4ng minh lanh l\u1ee3i th\u00e1o v\u00e1t l\u00e0m vi\u1ec7c c\u00f3 nang l\u1ef1c, v\u01b0\u1ee3t m\u1ecdi tr\u1edf ng\u1ea1i trong ho\u00e0n c\u1ea3nh kh\u00f3 kh\u0103n. \u0110\u1eb7c \u0111i\u1ec3m chung c\u1ee7a t\u00ednh c\u00e1ch C\u1ea9n th\u1eadn, t\u1ef7 m\u1ef7, si\u00eang n\u0103ng, ch\u0103m ch\u1ec9 c\u1ed1 g\u1eafng trong c\u00f4ng vi\u1ec7c. Gi\u00e0u t\u00ecnh c\u1ea3m, d\u1ec5 m\u1ebfn c\u00f3 t\u00ednh h\u01b0\u1edbng ngo\u1ea1i T\u00edch nghi v\u1edbi m\u1ecdi ho\u00e0n c\u1ea3nh Gi\u1ecfi k\u1ebft giao b\u1ea1n b\u00e8 v\u00e0 r\u1ea5t h\u00f2a nh\u00e3, s\u1ed1ng c\u00f3 tr\u1eadt t\u1ef1, ng\u1eafn n\u1eafp, g\u1ecdn g\u00e0ng. Th\u00edch thu l\u01b0\u1ee3m, t\u00edch l\u0169y th\u00f4ng tin, c\u00f3 kh\u00e1t v\u1ecdng c\u1ea7u tri th\u1ee9c Th\u00edch du s\u01a1n, ngo\u1ea1n th\u1ee7y<\/p><h3 style=\"color: #00f3ff;\"><b>3.T\u00ecnh y\u00eau v\u00e0 b\u1ea1n b\u00e8 c\u1ee7a ng\u01b0\u1eddi tu\u1ed5i T\u00fd<\/b><\/h3><p>Th\u01b0\u1eddng c\u00f3 nhi\u1ec1u b\u1ea1n t\u1ed1t &#8221; Tri \u00e2m tri k\u1ef7&#8221; song c\u0169ng hay c\u00f3 x\u00edch m\u00edch, th\u00f9 h\u1eb1n.<\/p><p>Th\u01b0\u1eddng nh\u1eefng ng\u01b0\u1eddi ph\u1ee5 n\u1eef c\u1ea7m tinh con chu\u1ed9t \u0111a ph\u1ea7n l\u00e0 xinh \u0111p\u1eb9, th\u00f4ng minh l\u1ea1i c\u00f3 \u0111\u1ee9c t\u00ednh c\u1ea7n ki\u1ec7m. T\u1ea1o h\u00f3a ph\u00fa cho h\u1ecd s\u1ef1 nhanh nh\u1eb9n, th\u00e1o v\u00e1t trong vi\u1ec7c l\u1ef1a ch\u1ecdn. H\u1ecd th\u00edch chia s\u1ebb ti\u1ec1n b\u1ea1c c\u1ee7a cha m\u1eb9, ng\u01b0\u1eddi y\u00eau nh\u01b0ng kh\u00f4ng d\u1ec5 m\u1edf d\u1ea7u bao \u0111\u1ec3 mua qu\u00e0 t\u1eb7ng nh\u1eefng ng\u01b0\u1eddi th\u00e2n thi\u1ebft nh\u1ea5t c\u1ee7a m\u00ecnh ho\u1eb7c c\u00f3 ch\u1ec9 l\u00e0 s\u1ef1 d\u00e8 s\u1ebbn, &#8220;\u0111\u1eafn \u0111o&#8221;. H\u1ecd c\u0169ng l\u00e0 nh\u1eefng ng\u01b0\u1eddi bi\u1ebft ti\u00eau ti\u1ec1n v\u00e0 l\u00e0m ra ti\u1ec1n. Ph\u1ea7n l\u1edbn nh\u1eefng ph\u1ee5 n\u1eef c\u1ea7m tinh con chu\u1ed9t trong h\u00f4n nh\u00e2n h\u1ecd th\u01b0\u1eddng hay ch\u00fa \u00fd \u0111\u1ebfn h\u00ecnh th\u1ee9c nhi\u1ec1u h\u01a1n. H\u1ecd th\u01b0\u1eddng l\u00e0 nh\u1eefng ng\u01b0\u1eddi r\u1ea5t y\u00eau con, ch\u0103m s\u00f3c cha m\u1eb9, r\u1ea5t chi\u1ec1u ng\u01b0\u1eddi y\u00eau n\u00ean gia \u0111\u1ea1o th\u01b0\u1eddng y\u00ean \u1ea5m, thu\u1ea1n h\u00f2a. V\u00e0 h\u1ecd c\u0169ng hay \u0111\u00f2i h\u1ecfi s\u1ef1 b\u00ecnh \u0111\u1eb3ng t\u1ef1 do trong gia \u0111\u00ecnh. Th\u00f4ng th\u01b0\u1eddng tu\u1ed5i T\u00fd k\u1ebft h\u1ee3p v\u1edbi Th\u00ecn, S\u1eedu, Th\u00e2n, H\u1ee3i k\u1ebft c\u1ee5c di\u1ec5n ra \u0111a ph\u1ea7n t\u1ed1t \u0111\u1eb9p, t\u00ecnh y\u00eau th\u01b0\u1eddng ng\u1ecdt ng\u00e0o, \u0111\u1ea7m \u1ea5m. Song k\u1ebft h\u1ee3p v\u1edbi tu\u1ed5i D\u1eadu, T\u1ef5, th\u01b0\u1eddng hay c\u00e3i c\u1ecd, \u0111au \u0111\u1ea7u, \u0111\u00f4i khi d\u1eabn t\u1edbi s\u1ef1 &#8221; \u0111\u1ed3ng s\u00e0ng d\u1ecb m\u1ed9ng&#8221; ho\u1eb7c ta v\u1ee1. N\u1ebfu k\u1ebft duy\u00ean v\u1edbi ng\u01b0\u1eddi tu\u1ed5i Ng\u1ecd \u0111a ph\u1ea7n s\u1ebd kh\u00f4ng \u0111\u01b0\u1ee3c h\u1ea1nh ph\u00fac.<\/p><p><strong>(D\u1eabn theo trang tuvitoantap.blogspot.com)<\/strong><\/p><h3 style=\"color: #00f3ff;\"><b>4. S\u1ef1 nghi\u1ec7p c\u1ee7a ng\u01b0\u1eddi tu\u1ed5i T\u00fd<\/b><\/h3><p>V\u1edbi s\u1ef1 nghi\u1ec7p, l\u00fd t\u01b0\u1edfng nh\u1ea5t l\u00e0 qu\u1ea3n l\u00fd doanh nghi\u1ec7p, Trong l\u00e0m \u0103n bu\u00f4n b\u00e1n c\u00f3 th\u1ec3 ph\u00e1t \u0111\u1ea1t. V\u1ec1 t\u01b0\u01a1ng lai, ti\u1ec1n \u0111\u1ed3 th\u01b0\u1eddng x\u00e1n l\u1ea1n, c\u00f3 c\u01a1 h\u1ed9i v\u01b0\u01a1n l\u00ean trong s\u1ef1 nghi\u1ec7p v\u00e0 bi\u1ebft gi\u00e0nh c\u01a1 h\u1ed9i khi th\u1eddi c\u01a1 \u0111\u1ebfn. Ng\u01b0\u1eddi tu\u1ed5i T\u00fd c\u00f3 tinh l\u1ef1c d\u1ed3i d\u00e0o. H\u1ecd l\u00e0 nh\u1eefng ng\u01b0\u1eddi c\u00f3 s\u1edf tr\u01b0\u1eddng v\u1ec1 v\u1ea1ch k\u1ebf ho\u1ea1ch. M\u1eb7t kh\u1eafc h\u1ecd r\u1ea5t lanh l\u1ee3i, linh ho\u1ea1t n\u00ean l\u00e0m ngo\u1ea1i giao t\u00ecnh b\u00e1o r\u1ea5t t\u1ed1t. Song tu\u1ed5i T\u00fd c\u1ea7n tr\u00e1nh m\u1ed9t s\u1ed1 n\u01b0\u1ee3c \u0111i\u1ec3m d\u01b0\u1edbi \u0111\u00e2y. Tr\u00e1nh ch\u1ee7 quan, b\u1ea3o th\u1ee7, ph\u1ea3i c\u00f3 t\u1ea7m nh\u00ecn xa tr\u00f4ng r\u1ed9ng. Kh\u00f4ng quy\u1ebft \u0111o\u00e1n theo tr\u1ef1c gi\u00e1c \u0111\u1ec3 \u0111i \u0111\u1ebfn k\u1ebft lu\u1eadn, kh\u00f4ng n\u00ean tin tr\u1ef1c gi\u00e1c. Tr\u01b0\u1edbc m\u1ecdi s\u1ef1 vi\u1ec7c ph\u1ea3i c\u00f4ng t\u00e2m, th\u1eb3ng th\u1eafn, kh\u00f4ng xu\u1ea5t ph\u00e1t t\u1eeb quy\u1ec1n l\u1ee3i b\u1ea3n th\u00e2n m\u00e0 ph\u1ea3i c\u00f4ng minh ch\u00ednh tr\u1ef1c Tr\u00e1nh n\u00f3ng n\u1ea3y \u0111a nghi s\u1ebd l\u00e0m h\u1ecfng vi\u1ec7c l\u1edbn Trong c\u00f4ng vi\u1ec7c khi g\u1eb7p kh\u00f3 kh\u0103n ph\u1ea3i b\u00ecnh t\u0129nh gi\u1ea3i quy\u1ebft kh\u00f4ng \u0111\u01b0\u1ee3c ch\u00f9n b\u01b0\u1edbc, n\u00ean gi\u1ea3i h\u00f2a trong tranh ch\u1ea5p. Khi m\u1ea5t c\u1ee7a ph\u1ea3i ki\u00ean tr\u00ec c\u00f3 th\u1eddi gian m\u1edbi t\u00ecm \u0111\u01b0\u1ee3c. Nh\u00ecn chung tu\u1ed5i T\u00fd l\u00e0 ng\u01b0\u1eddi c\u00f3 n\u0103ng l\u1ef1c v\u01b0\u01a1n l\u00ean trong m\u1ecdi ho\u00e0n c\u1ea3nh kh\u00f3 kh\u0103n n\u00ean ti\u1ec1n \u0111\u1ed3 s\u00e1ng s\u1ee7a<\/p><h3 style=\"color: #00f3ff;\"><b>5. C\u00e1c \u0111\u1ecba chi c\u1ee7a tu\u1ed5i T\u00fd<\/b><\/h3><ol><li>Gi\u00e1p T\u00fd Nam M\u1ea1ng &#8211; Gi\u00e1p T\u00fd N\u1eef M\u1ea1ng<\/li><li>B\u00ednh T\u00fd Nam M\u1ea1ng &#8211; B\u00ednh T\u00fd N\u1eef M\u1ea1ng<\/li><li>M\u1eadu T\u00fd Nam M\u1ea1ng &#8211; M\u1eadu T\u00fd N\u1eef M\u1ea1ng<\/li><li>Canh T\u00fd Nam M\u1ea1ng &#8211; Canh T\u00fd N\u1eef M\u1ea1ng<\/li><li>Nh\u00e2m T\u00fd Nam M\u1ea1ng &#8211; Nh\u00e2m T\u00fd N\u1eef M\u1ea1ng<\/li><\/ol><p>.<\/p>\t\t\t\t\t\t\t\t<\/div>\n\t\t\t\t<div class=\"elementor-element elementor-element-277efcd tahefobu-main-menu-align-left tahefobu-main-menu-align--tabletleft tahefobu-main-menu-align--mobileleft tahefobu-sub-icon-caret-down tahefobu-nav-menu-bp-mobile tahefobu-mobile-menu-full-width tahefobu-mobile-menu-item-align-center tahefobu-mobile-toggle-v1 tahefobu-sub-divider-yes tahefobu-mobile-divider-yes elementor-widget elementor-widget-tahefobu-navigation-menu\" data-id=\"277efcd\" data-element_type=\"widget\" data-widget_type=\"tahefobu-navigation-menu.default\">\n\t\t\t\t<div class=\"elementor-widget-container\">\n\t\t\t\t\t<nav class=\"tahefobu-nav-menu-container tahefobu-nav-menu-horizontal\" data-trigger=\"hover\"><ul id=\"menu-1-277efcd\" class=\"tahefobu-nav-menu\"><li class=\"menu-item menu-item-type-post_type menu-item-object-page menu-item-852\"><a href=\"https:\/\/zenithspirit.id.vn\/index.php\/12-dia-chi\/\" class=\"tahefobu-menu-item tahefobu-pointer-item\">12-\u0110\u1ecaA CHI<\/a><\/li>\n<li class=\"menu-item menu-item-type-post_type menu-item-object-page menu-item-853\"><a href=\"https:\/\/zenithspirit.id.vn\/index.php\/about-zenith\/\" class=\"tahefobu-menu-item tahefobu-pointer-item\">ABOUT ZENITH<\/a><\/li>\n<li class=\"menu-item menu-item-type-post_type menu-item-object-page menu-item-1172\"><a href=\"https:\/\/zenithspirit.id.vn\/index.php\/12-cung-hd\/\" class=\"tahefobu-menu-item tahefobu-pointer-item\">12 Cung HD<\/a><\/li>\n<\/ul><\/nav><nav class=\"tahefobu-mobile-nav-menu-container\"><div class=\"tahefobu-mobile-toggle-wrap\"><div class=\"tahefobu-mobile-toggle\"><span class=\"tahefobu-mobile-toggle-line\"><\/span><span class=\"tahefobu-mobile-toggle-line\"><\/span><span class=\"tahefobu-mobile-toggle-line\"><\/span><\/div><\/div><ul id=\"mobile-menu-2-277efcd\" class=\"tahefobu-mobile-nav-menu\"><li class=\"menu-item menu-item-type-post_type menu-item-object-page menu-item-852\"><a href=\"https:\/\/zenithspirit.id.vn\/index.php\/12-dia-chi\/\" class=\"tahefobu-mobile-menu-item\">12-\u0110\u1ecaA CHI<\/a><\/li>\n<li class=\"menu-item menu-item-type-post_type menu-item-object-page menu-item-853\"><a href=\"https:\/\/zenithspirit.id.vn\/index.php\/about-zenith\/\" class=\"tahefobu-mobile-menu-item\">ABOUT ZENITH<\/a><\/li>\n<li class=\"menu-item menu-item-type-post_type menu-item-object-page menu-item-1172\"><a href=\"https:\/\/zenithspirit.id.vn\/index.php\/12-cung-hd\/\" class=\"tahefobu-mobile-menu-item\">12 Cung HD<\/a><\/li>\n<\/ul><\/nav>\t\t\t\t<\/div>\n\t\t\t\t<\/div>\n\t\t\t\t<\/div>\n\t\t\t\t\t<\/div>\n\t\t\t\t<\/div>\n\t\t\t\t<\/div>\n\t\t","protected":false},"excerpt":{"rendered":"<p>T\u1ed5ng Quan V\u1ec1 Chu\u1ed9t 1. Gi\u1edbi thi\u1ec7u th\u00f4ng tin v\u1ec1 ng\u01b0\u1eddi tu\u1ed5i T\u00fd(chu\u1ed9t) v\u1edbi c\u00e1c v\u1ea5n \u0111\u1ec1 v\u1ec1 s\u1ef1 nghi\u1ec7p, gia \u0111\u1ea1o, t\u00ecnh duy\u00ean\u2026 s\u1ebd gi\u00fap b\u1ea1n hi\u1ec3u r\u00f5 h\u01a1n v\u1ec1 s\u1ed1 m\u1ec7nh c\u1ee7a tu\u1ed5i n\u00e0y, t\u1eeb \u0111\u00f3 c\u00f3 m\u1ed9t s\u1ed1 \u0111i\u1ec1u ch\u1ec9nh \u0111\u1ec3 c\u00f4ng vi\u1ec7c, cu\u1ed9c s\u1ed1ng tr\u1edf n\u00ean thu\u1eadn l\u1ee3i h\u01a1n. C\u00f9ng Vua [&hellip;]<\/p>\n","protected":false},"author":1,"featured_media":0,"parent":0,"menu_order":0,"comment_status":"closed","ping_status":"closed","template":"elementor_canvas","meta":{"footnotes":""},"class_list":["post-875","page","type-page","status-publish","hentry"],"_links":{"self":[{"href":"https:\/\/zenithspirit.id.vn\/index.php\/wp-json\/wp\/v2\/pages\/875","targetHints":{"allow":["GET"]}}],"collection":[{"href":"https:\/\/zenithspirit.id.vn\/index.php\/wp-json\/wp\/v2\/pages"}],"about":[{"href":"https:\/\/zenithspirit.id.vn\/index.php\/wp-json\/wp\/v2\/types\/page"}],"author":[{"embeddable":true,"href":"https:\/\/zenithspirit.id.vn\/index.php\/wp-json\/wp\/v2\/users\/1"}],"replies":[{"embeddable":true,"href":"https:\/\/zenithspirit.id.vn\/index.php\/wp-json\/wp\/v2\/comments?post=875"}],"version-history":[{"count":16,"href":"https:\/\/zenithspirit.id.vn\/index.php\/wp-json\/wp\/v2\/pages\/875\/revisions"}],"predecessor-version":[{"id":1077,"href":"https:\/\/zenithspirit.id.vn\/index.php\/wp-json\/wp\/v2\/pages\/875\/revisions\/1077"}],"wp:attachment":[{"href":"https:\/\/zenithspirit.id.vn\/index.php\/wp-json\/wp\/v2\/media?parent=875"}],"curies":[{"name":"wp","href":"https:\/\/api.w.org\/{rel}","templated":true}]}}